. Determine u(5).
-11
Let s(y) = 3*y - 77. Calculate s(20).
-17
Let w(s) = s**3 + 4*s**2 + 3*s + 8. Give w(-4).
-4
Let l(r) = -10*r + 7. Determine l(-5).
57
Let l(k) = k**3 - 5*k**2 - 17*k - 7. Determine l(8).
49
Let m(o) = 2*o + 17. What is m(-6)?
5
Let x(i) = -2*i**2 - 24*i - 5. Give x(-12).
-5
Let l(s) = s**3 + 17*s**2 + 67*s - 41. Calculate l(-10).
-11
Let w(t) = -t**2 + 9. Determine w(5).
-16
Let w(g) = 3*g - 44. What is w(15)?
1
Let g(d) = -d**3 - 6*d**2 - 43. Calculate g(-6).
-43
Let t(u) = u**2 - 12*u + 36. Calculate t(7).
1
Let a(u) = -u**3 - 5*u**2 + 11*u - 16. Give a(-7).
5
Let d(k) = k**2 + 5*k - 104. Calculate d(0).
-104
Let p(u) = u**3 + 9*u**2 + 10*u + 8. What is p(-6)?
56
Let p(j) = -j - 20. Give p(-8).
-12
Let r(w) = w**2 + 11*w + 25. Calculate r(-9).
7
Let d(m) = -m**2 - 13*m + 24. Give d(-14).
10
Let x(w) = -w**3 - 7*w**2 + 20*w + 14. What is x(-9)?
-4
Let i(w) = -2*w**2 - 28*w + 27. What is i(1)?
-3
Let m(p) = 3*p**2 + 16*p + 9. Calculate m(-7).
44
Let l(y) = y**3 + 11*y**2 + 3*y + 27. Determine l(-11).
-6
Let d(g) = -g**2 - g + 5. What is d(-7)?
-37
Let w(d) = -2*d**2 - 4*d + 16. Give w(3).
-14
Let q(o) = o**3 + 31*o**2 + 58*o - 3. Give q(-29).
-3
Let w(p) = -p**3 + 13*p**2 + 2*p - 29. Calculate w(13).
-3
Let l(b) = b**3 - 12*b**2 + 15*b - 7. Calculate l(10).
-57
Let f(z) = -z**3 - 7*z**2 - 8*z - 17. Calculate f(-5).
-27
Let d(o) = o**3 - 13*o**2 + 13*o - 2. Calculate d(12).
10
Let p(w) = -w**3 - 5*w - 2. What is p(4)?
-86
Let m(d) = d + 11. Give m(-8).
3
Let m(v) = -v**3 + v**2 + 16*v - 37. Calculate m(2).
-9
Let y(z) = 14*z - 4. Determine y(2).
24
Let z(w) = -w**2 - 13*w - 43. Determine z(-8).
-3
Let r(g) = -g + 4. Determine r(-5).
9
Let j(i) = i**3 + 3*i**2 - 11*i - 1. Calculate j(-5).
4
Let m(d) = d**3 + 10*d**2 - 23*d + 20. Give m(-12).
8
Let u(x) = 8*x**3 - x**2 + 2*x - 1. Calculate u(1).
8
Let c(g) = g**2 - 23*g + 129. Determine c(14).
3
Let b(o) = -23*o + 169. Calculate b(8).
-15
Let f(t) = t + 1. Determine f(-10).
-9
Let i(b) = -61*b - 197. Determine i(-3).
-14
Let f(q) = 21*q + 7. Determine f(-3).
-56
Let i(m) = -2*m**2 - 17*m + 3. Determine i(-8).
11
Let w(a) = -a**2 - 4*a + 33. Determine w(-8).
1
Let o(w) = 5*w**2 - 9*w. Determine o(4).
44
Let z(b) = 2*b**2 - 2*b - 19. Determine z(7).
65
Let d(s) = s**2 - 11*s - 5. Determine d(11).
-5
Let p(g) = -13*g. Give p(2).
-26
Let c(t) = -23*t**3 - t**2 - 2*t + 2. Calculate c(1).
-24
Let h(i) = i**3 - i**2 - 4*i + 2. Calculate h(3).
8
Let c(p) = -2*p**2 + 24*p + 64. Give c(14).
8
Let p(c) = 78*c - 6. Calculate p(1).
72
Let n(v) = 2*v**3 - 5*v**2 + 3*v + 2. Calculate n(3).
20
Let o(i) = i**2 - 3*i + 1. What is o(2)?
-1
Let m(g) = -g**3 + 6*g**2 - 4*g - 3. Give m(4).
13
Let b(h) = -h + 9. Calculate b(-7).
16
Let s(j) = -21*j + 401. What is s(19)?
2
Let j(r) = 4*r - 4. Calculate j(5).
16
Let a(w) = 2*w + 18. Determine a(-12).
-6
Let z(a) = -2*a + 16. Give z(8).
0
Let g(b) = 26*b**2 + b + 1. Calculate g(-1).
26
Let p(l) = l**3 - l**2 - 2*l - 2. What is p(4)?
38
Let r(t) = 5*t - 2. What is r(-2)?
-12
Let v(f) = 2*f - 2. What is v(-4)?
-10
Let j(s) = 2*s**3 - 5*s**2 + 2*s + 3. Determine j(4).
59
Let h(p) = -p**2 - 27*p - 69. Give h(-24).
3
Let v(p) = -2*p**2 - 3*p - 25. Determine v(-4).
-45
Let x(j) = -6*j + 12. Calculate x(8).
-36
Let y(z) = -z**2 - 3*z + 6. Give y(-6).
-12
Let x(n) = -n**2 + 5*n + 13. Give x(7).
-1
Let t(r) = 2*r**2 - r + 2. Calculate t(2).
8
Let f(p) = 41*p**2 - 2*p - 2. Calculate f(-1).
41
Let j(w) = 8*w**2 - w + 1. Determine j(-2).
35
Let u(j) = 9*j + 5. Give u(-3).
-22
Let u(w) = 2*w**2 + 20*w - 15. Determine u(-11).
7
Let v(w) = w**3 - 2*w**2 - 5*w + 3. Determine v(4).
15
Let g(o) = 27*o**3 - 2*o - 2. Give g(-1).
-27
Let x(t) = -52*t**2 - 1. Calculate x(1).
-53
Let m(x) = 34*x + 1. Give m(1).
35
Let n(y) = -y**3 + 3*y**2 + 2*y - 9. What is n(3)?
-3
Let l(b) = -13*b**2 - 37*b - 7. Calculate l(-3).
-13
Let m(t) = 3*t - 17. Calculate m(15).
28
Let d(f) = -f**3 + 15*f**2 + 5*f - 7. What is d(15)?
68
Let q(w) = -3*w - 7. Determine q(5).
-22
Let g(c) = c**2 + 9*c - 9. Determine g(-12).
27
Let l(k) = -6*k - 109. Give l(-19).
5
Let b(d) = d**2 + 4*d - 5. What is b(2)?
7
Let w(i) = i**3 + 8*i**2 + 6*i - 7. Give w(-5).
38
Let z(y) = -y + 12. Give z(9).
3
Let a(i) = 16*i + 138. Calculate a(-8).
10
Let l(z) = 4*z - 84. Determine l(23).
8
Let y(j) = -j**2 - 8*j - 1. Determine y(-7).
6
Let f(b) = 12*b - 727. Calculate f(60).
-7
Let f(b) = 7*b + 5. Give f(-2).
-9
Let n(x) = -x**3 + 6*x**2 + 14*x - 18. Give n(8).
-34
Let a(c) = c**2 + 3*c + 6. Calculate a(-6).
24
Let y(s) = -38*s. What is y(-1)?
38
Let j(c) = -c**2 - 17*c + 36. What is j(-19)?
-2
Let n(b) = -b + 35. Calculate n(-14).
49
Let v(w) = -86*w + 432. Give v(5).
2
Let j(r) = r**3 - r**2 - 24*r + 38. What is j(4)?
-10
Let z(t) = t**3 + 9*t**2 - 9*t + 7. Calculate z(-10).
-3
Let a(w) = -7*w. Give a(-3).
21
Let w(g) = -32*g + 1. Determine w(1).
-31
Let u(a) = 175*a + 2. Give u(0).
2
Let s(m) = -m + 2. What is s(-13)?
15
Let l(a) = -a**3 + 5*a**2 - 7*a - 8. Determine l(6).
-86
Let n(i) = -i**2 + 5*i - 12. Determine n(2).
-6
Let l(v) = v**2 - v - 3. Determine l(-4).
17
Let l(v) = v**2 - 11*v + 39. Determine l(5).
9
Let w(c) = -c**2 + 13*c - 23. Give w(10).
7
Let c(p) = -p - 5. What is c(23)?
-28
Let n(b) = b**2 + 13*b + 14. Give n(-5).
-26
Let y(i) = i**3 + 2*i**2 - 9*i - 9. Give y(-2).
9
Let p(h) = 7*h - 4. Give p(3).
17
Let l(y) = y**2 - 40*y + 394. Calculate l(20).
-6
Let s(x) = -2*x**2 - 10*x - 2. What is s(-5)?
-2
Let p(q) = -3*q + 3. What is p(-1)?
6
Let s(n) = 14*n + 47. What is s(-3)?
5
Let w(c) = -c**2 - 10*c + 12. Give w(-12).
-12
Let p(f) = -f**3 - 4*f**2 - 4*f - 5. What is p(-5)?
40
Let q(p) = -p**3 - 10*p**2 - 18*p + 17. What is q(-7)?
-4
Let r(w) = -w**3 + 5*w**2 - 5*w + 27. Give r(5).
2
Let a(v) = v**2 - 10*v - 1. Give a(13).
38
Let v(p) = 5*p + 134. Give v(-31).
-21
Let r(o) = -o**2 + 15*o + 39. Give r(17).
5
Let y(q) = -3*q - 9. Determine y(0).
-9
Let y(r) = -r**3 - 23*r**2 + 24*r - 13. Calculate y(-24).
-13
Let r(m) = 20*m**2 - 419*m - 14. What is r(21)?
7
Let u(o) = -o**3 + 2*o**2 + 3*o - 6. Give u(0).
-6
Let m(b) = b**3 + 15*b**2 - b + 12. Determine m(-15).
27
Let b(c) = -2*c**3 - 17*c**2 + 9*c + 3. What is b(-9)?
3
Let t(z) = 11*z - 222. Give t(20).
-2
Let i(r) = -r**3 - 2*r**2 - 2*r + 1. Give i(-3).
16
Let s(g) = g**2 - 8*g. Give s(9).
9
Let l(c) = -3*c + 12. What is l(-6)?
30
Let o(c) = -c**2 + 8*c + 9. What is o(8)?
9
Let o(p) = p**3 + 8*p**2 - 2*p + 4. Give o(-8).
20
Let b(g) = 2*g**2 - 11*g - 33. Calculate b(10).
57
Let t(o) = -o**3 + 6*o**2 - 2*o - 6. Calculate t(4).
18
Let k(h) = -4*h - 141. Give k(-36).
3
Let d(i) = 3*i - 10. Calculate d(8).
14
Let f(h) = h**3 - h**2 - 2*h + 55. Give f(0).
55
Let q(t) = t**2 + 6*t + 15. Determine q(-7).
22
Let a(s) = 105*s + 842. What is a(-8)?
2
Let x(j) = 3*j**2 - 9*j + 12. Calculate x(5).
42
Let b(v) = v**3 - 9*v**2 + 5*v + 14. What is b(8)?
-10
Let i(g) = 2*g**3 - 2*g**2 - 2*g. What is i(2)?
4
Let z(l) = -2*l - 7. Give z(-7).
7
Let o(z) = -z**2 - 7*z + 2. What is o(-6)?
8
Let h(z) = -z**2 - 13*z - 38. Give h(-7).
4
Let s(m) = -33*m - 177. Give s(-5).
-12
Let x(d) = d**2 + 3*d + 2. Determine x(-4).
6
Let t(r) = r**2 + 9*r - 2. What is t(-11)?
20
Let f(d) = d + 14. Determine f(-12).
2
Let m(j) = -j**2 - 7*j + 329. Determine m(-22).
-1
Let l(p) = p**2 + 7*p - 15. Determine l(-8).
-7
Let v(y) = y**3 - 11*y**2 - 10*y - 29. What is v(12)?
-5
Let k(h) = -h**3 - 56*h**2 + h + 60. Determine k(-56).
4
Let j(u) = 4*u**2 - 89*u + 36. Determine j(22).
14
Let f(o) = -3*o**2 + 2*o + 2. Give f(-1).
-3
Let d(t) = t**3 + 16*t**2 - 17*t - 3. Calculate d(-17).
-3
Let o(m) = -m**3 - m**2 + m + 1. Give o(2).
-9
Let i(v) = v**2 - 2*v + 1. Determine i(4).
9
Let u(z) = -8*z - 210. What is u(-30)?
30
Let i(l) = l**2 + 4*l - 4. Determine i(-8).
28
Let m(v) = -5*v**2 - 39*v + 5. What is m(-8)?
-3
Let y(b) = -b**3 - 16*b**2 + 2*b + 37. Give y(-16).
5
Let c(z) = 3*z**2 + 52*z - 10. Calculate c(-17).
-27
Let v(a) = a**3 + 8*a**2 + 2*a - 14. Calculate v(-7).
21
Let l(u) = -11*u + 62. Determine l(6).
-4
Let n(t) = 4*t**2 + 3*t - 8. Give n(-5).
77
Let k(w) = -7*w + 5. Determine k(4).
-23
Let b(o) = -45*o - 181. Calculate b(-4).
-1
Let k(m) = 8*m + 136. Calculate k(-19).
-16
Let